{"id":38,"date":"2017-10-06T18:05:01","date_gmt":"2017-10-06T16:05:01","guid":{"rendered":"http:\/\/reliance49.fr\/?page_id=38"},"modified":"2026-04-17T17:07:44","modified_gmt":"2026-04-17T15:07:44","slug":"orientation-reconversion-professionnelle","status":"publish","type":"page","link":"https:\/\/reliance49.fr\/","title":{"rendered":"Bienvenue !"},"content":{"rendered":"\n<h5 class=\"wp-block-heading\">Mieux se conna\u00eetre pour faire les choix qui nous rassemblent et nous ressemblent.<\/h5>\n\n\n\n<pre class=\"wp-block-preformatted\"><span style=\"color: #2e5aa6;\"><strong>Actualit\u00e9s mai 2026<\/strong> :<\/span><br>=&gt;Je vous invite \u00e0 une soir\u00e9e d\u00e9couverte du R\u00e9f\u00e9rentiel de Naissance\u00ae, m\u00e9thode de connaissance de soi passionnante et vivante :<br>  <a href=\"https:\/\/reliance49.fr\/wp-content\/uploads\/2026\/04\/KK19-724x1024.png\">le vendredi 29 mai de 18h \u00e0 19h30<\/a> au 31 rue Bressigny chez Yoga et Chant, au plaisir de vous rencontrer !<br><span style=\"color: #2e5aa6;\">Je<strong> <\/strong>suis certifi\u00e9e praticienne du R\u00e9f\u00e9rentiel de Naissance\u00ae depuis juillet 2025, form\u00e9e par l'\u00e9cole internationale du R\u00e9f\u00e9rentiel de Georges Colleuil qui a cr\u00e9\u00e9 cet outil magnifique il y a 40 ans d\u00e9j\u00e0, le<a href=\"https:\/\/referentiel.georgescolleuil.com\/referentiel-de-naissance\/\"> R\u00e9f\u00e9rentiel de Naissance<\/a>\u00ae.<\/span><\/pre>\n\n\n\n<p><span style=\"color: #602b2b;\"><strong>Accompagner les choix d&rsquo;orientation et les choix professionnels<\/strong>, c&rsquo;est aller \u00e0 la rencontre de chacun, au c\u0153ur de l&rsquo;humain qui ne cesse de me passionner. Je m&rsquo;int\u00e9resse particuli\u00e8rement aux probl\u00e9matiques de choix, aux complexit\u00e9s de parcours, comment retrouver le chemin vers ce qui nous rend unique ?&nbsp;<\/span><\/p>\n\n\n\n<p><span style=\"color: #2e5aa6;\">Trouver sa voie est une chose : savoir ce qu&rsquo;on aime faire, ce qui nous anime, ce qui a du sens, et nous fait nous sentir \u00e0 notre place, pleinement vivant. Mais choisir son orientation, d\u00e9cider et s&rsquo;engager dans une nouvelle voie en est une autre : quels sont les vrais choix qui nous appartiennent et quels sont les choix que nous avons subis ? qu\u2019y a t-il \u00e0 \u00e9clairer et d\u00e9nouer pour retrouver le chemin de ses choix propres ?<\/span><\/p>\n\n\n\n<p><span style=\"color: #2e5aa6;\"><strong>Vous accompagner dans vos transitions professionnelles<\/strong> avec <a href=\"https:\/\/reliance49.fr\/wp-admin\/post.php?post=39&amp;action=edit\">un bilan d&rsquo;orientation professionnelle<\/a> : vous \u00eates en p\u00e9riode de questionnement professionnel, d\u2019envie de changement, de reconversion professionnelle,\u00a0 vous souhaitez retrouver de la coh\u00e9rence et du sens dans votre vie professionnelle,\u00a0 vous sentir plus en accord avec vous m\u00eame,\u00a0 je vous accompagne<strong> <\/strong>\u00e0 clarifier vos choix\u00a0 professionnels et d\u00e9finir un nouveau projet professionnel<\/span><\/p>\n\n\n\n<p><span style=\"color: #2e5aa6;\"><strong>Accompagner chaque jeune dans ses choix d&rsquo;orientation<\/strong> avec<a href=\"https:\/\/reliance49.fr\/wp-admin\/post.php?post=408&amp;action=edit\"> un bilan d&rsquo;orientation jeune : <\/a><a style=\"color: #2e5aa6;\" href=\"http:\/\/reliance49.fr\/?page_id=408\">c<\/a>omment trouver sa place, son orientation ? Mieux se conna\u00eetre, une \u00e9tape n\u00e9cessaire pour prendre confiance en soi et\u00a0 faire ses premiers choix d&rsquo;orientation\u00a0 pour s&rsquo;\u00e9panouir et d\u00e9ployer pleinement son potentiel !<\/span><\/p>\n\n\n\n<pre class=\"wp-block-preformatted\"><span style=\"color: #2e5aa6;\"><strong>CONNAISSANCE DE SOI<\/strong> : Je vous propose des <a href=\"https:\/\/reliance49.fr\/?page_id=701\">outils de connaissance de soi<\/a> \u00e0 la carte, en s\u00e9ance individuelle ou en groupe (Atelier de 4 personnes) sur des th\u00e9matiques qui me tiennent \u00e0 c\u0153ur :<br>-<a href=\"https:\/\/reliance49.fr\/?page_id=701\">se rencontrer dans ses valeurs<\/a>, pour identifier ce qui a besoin d'\u00eatre nourri fondamentalement pour chacun d'entre nous dans son travail et qui donne du sens \u00e0 sa vie professionnelle<br>-<a href=\"https:\/\/reliance49.fr\/?page_id=701\">r\u00e9aliser son blason familial des valeurs li\u00e9es au travail<\/a>, pour rep\u00e9rer les transmissions familiales et identifier sa singularit\u00e9<br>-<a href=\"https:\/\/reliance49.fr\/?page_id=701\">r\u00e9aliser son arbre de vie<\/a> : pour donner du sens \u00e0 son parcours, faire \u00e9merger ses ressources, ses comp\u00e9tences, identifier ses besoins fondamentaux, se projeter dans l'avenir vers des projets source de sens, d'espoir et de vitalit\u00e9<br>-<a href=\"https:\/\/reliance49.fr\/?page_id=701\">d\u00e9coder ses pr\u00e9noms et nom<\/a> pour identifier les empreintes cach\u00e9es et les ressources \u00e0 disposition, qui y a t-il derri\u00e8re les lettres ? \"le nom porte une m\u00e9moire, le pr\u00e9nom porte un projet\" Marc-Alain Ouaknin.<\/span><br>-mieux se conna\u00eetre \u00e0 travers son <a href=\"https:\/\/reliance49.fr\/?page_id=701\">R\u00e9f\u00e9rentiel de Naissance\u00ae<\/a> v\u00e9ritable support d'introspection, de questionnement pour explorer une probl\u00e9matique, r\u00e9soudre un conflit mais aussi activer de nouvelles ressources d\u00e9j\u00e0 l\u00e0 en nous mais laiss\u00e9es sur le bord du chemin. Le R\u00e9f\u00e9rentiel de Naissance nous questionne sur le sens de notre existence, il nous aide \u00e0 trouver notre place et \u00e0 nous connecter avec ce qui nous anime et nous appelle.<span style=\"color: #2e5aa6;\">Je vous laisse d\u00e9couvrir mes <a href=\"https:\/\/reliance49.fr\/?page_id=701\">nouveaux formats de consultations et d'accompagnement.<\/a><\/span><\/pre>\n\n\n\n<p><span style=\"color: #2e5aa6;\">Au plaisir de vous rencontrer et de cheminer ensemble !&nbsp;<\/span><\/p>\n\n\n\n<blockquote class=\"wp-block-quote is-layout-flow wp-block-quote-is-layout-flow\">\n<pre class=\"wp-block-preformatted\"><span style=\"color: #6d2627; font-family: bigmoore; font-size: 12pt;\"> Charles P\u00e9pin, Philosophe dans son livre \" la confiance en soi\" : \u00ab D\u00e9cider, c\u2019est faire acte de pr\u00e9sence au c\u0153ur de l\u2019incertain, au c\u0153ur de la vie m\u00eame. Chaque fois que nous prenons une d\u00e9cision en conscience, nous apprenons un peu plus \u00e0 nous faire confiance \u00bb. \u00ab&nbsp;D\u00e9cider, c\u2019est trouver la force de s\u2019engager dans l\u2019incertitude, r\u00e9ussir \u00e0 y aller dans le doute, malgr\u00e9 le doute&nbsp;\u00bb<\/span><\/pre>\n<\/blockquote>\n\n\n\n<figure class=\"wp-block-image size-full is-resized\"><img loading=\"lazy\" decoding=\"async\" width=\"2560\" height=\"1707\" src=\"http:\/\/reliance49.fr\/wp-content\/uploads\/2022\/09\/IMG_2239-scaled.jpg\" alt=\"\" class=\"wp-image-1036\" style=\"aspect-ratio:1.5;width:638px;height:auto\" srcset=\"https:\/\/reliance49.fr\/wp-content\/uploads\/2022\/09\/IMG_2239-scaled.jpg 2560w, https:\/\/reliance49.fr\/wp-content\/uploads\/2022\/09\/IMG_2239-300x200.jpg 300w, https:\/\/reliance49.fr\/wp-content\/uploads\/2022\/09\/IMG_2239-1024x683.jpg 1024w, https:\/\/reliance49.fr\/wp-content\/uploads\/2022\/09\/IMG_2239-768x512.jpg 768w, https:\/\/reliance49.fr\/wp-content\/uploads\/2022\/09\/IMG_2239-1536x1024.jpg 1536w, https:\/\/reliance49.fr\/wp-content\/uploads\/2022\/09\/IMG_2239-2048x1365.jpg 2048w\" sizes=\"(max-width: 2560px) 100vw, 2560px\" \/><\/figure>\n\n\n\n<p>Logo et identit\u00e9 visuelle cr\u00e9\u00e9s par Malo Pulinx 2024.<\/p>\n\n\n<div class=\"frm_forms  with_frm_style frm_style_style-formidable\" id=\"frm_form_1_container\" >\n<form enctype=\"multipart\/form-data\" method=\"post\" class=\"frm-show-form \" id=\"form_contact-form\"  >\n<div class=\"frm_form_fields \">\n<fieldset>\n<legend class=\"frm_screen_reader\">Me Contacter<\/legend>\r\n<h3 class=\"frm_form_title\">Me Contacter<\/h3>\r\n<div class=\"frm_fields_container\">\n<input type=\"hidden\" name=\"frm_action\" value=\"create\" \/>\n<input type=\"hidden\" name=\"form_id\" value=\"1\" \/>\n<input type=\"hidden\" name=\"frm_hide_fields_1\" id=\"frm_hide_fields_1\" value=\"\" \/>\n<input type=\"hidden\" name=\"form_key\" value=\"contact-form\" \/>\n<input type=\"hidden\" name=\"item_meta[0]\" value=\"\" \/>\n<input type=\"hidden\" id=\"frm_submit_entry_1\" name=\"frm_submit_entry_1\" value=\"cd07dae629\" \/><input type=\"hidden\" name=\"_wp_http_referer\" value=\"\/index.php?rest_route=%2Fwp%2Fv2%2Fpages%2F38\" \/><div id=\"frm_field_1_container\" class=\"frm_form_field form-field  frm_required_field frm_top_container frm_first frm_half\">\r\n\t<label for=\"field_qh4icy\" id=\"field_qh4icy_label\" class=\"frm_primary_label\">\r\n\t\t<span class=\"frm_required\" aria-hidden=\"true\">*<\/span>\r\n\t<\/label>\r\n\t<input type=\"text\" id=\"field_qh4icy\" name=\"item_meta[1]\" value=\"\"  placeholder=\"Pr\u00e9nom\" data-reqmsg=\"Ce champ ne peut pas \u00eatre vide.\" aria-required=\"true\" data-invmsg=\"Ce champ est non valide\" aria-invalid=\"false\"   aria-describedby=\"frm_desc_field_qh4icy\"\/>\r\n\t<div class=\"frm_description\" id=\"frm_desc_field_qh4icy\">\r\n<\/div>\r\n\t\r\n<\/div>\n<div id=\"frm_field_2_container\" class=\"frm_form_field form-field  frm_required_field frm_hidden_container frm_half\">\r\n\t<label for=\"field_ocfup1\" id=\"field_ocfup1_label\" class=\"frm_primary_label\">\r\n\t\t<span class=\"frm_required\" aria-hidden=\"true\">*<\/span>\r\n\t<\/label>\r\n\t<input type=\"text\" id=\"field_ocfup1\" name=\"item_meta[2]\" value=\"\"  placeholder=\"Nom\" data-reqmsg=\"Ce champ ne peut pas \u00eatre vide.\" aria-required=\"true\" data-invmsg=\"Ce champ est non valide\" aria-invalid=\"false\"  \/>\r\n\t\r\n\t\r\n<\/div>\n<div id=\"frm_field_3_container\" class=\"frm_form_field form-field  frm_required_field frm_top_container frm_full\">\r\n\t<label for=\"field_29yf4d\" id=\"field_29yf4d_label\" class=\"frm_primary_label\">\r\n\t\t<span class=\"frm_required\" aria-hidden=\"true\">*<\/span>\r\n\t<\/label>\r\n\t<input type=\"email\" id=\"field_29yf4d\" name=\"item_meta[3]\" value=\"\"  placeholder=\"Adresse mail\" data-reqmsg=\"Ce champ ne peut pas \u00eatre vide.\" aria-required=\"true\" data-invmsg=\"Please enter a valid email address\" aria-invalid=\"false\"  \/>\r\n\t\r\n\t\r\n<\/div>\n<div id=\"frm_field_7_container\" class=\"frm_form_field form-field  frm_top_container\">\r\n\t<label for=\"field_xtft1\" id=\"field_xtft1_label\" class=\"frm_primary_label\">\r\n\t\t<span class=\"frm_required\" aria-hidden=\"true\"><\/span>\r\n\t<\/label>\r\n\t<input type=\"tel\" id=\"field_xtft1\" name=\"item_meta[7]\" value=\"\"  placeholder=\"T\u00e9l\u00e9phone (Optionnel)\" data-invmsg=\"Ce champ est non valide\" aria-invalid=\"false\" pattern=\"((\\+\\d{1,3}(-|.| )?\\(?\\d\\)?(-| |.)?\\d{1,5})|(\\(?\\d{2,6}\\)?))(-|.| )?(\\d{3,4})(-|.| )?(\\d{4})(( x| ext)\\d{1,5}){0,1}$\"  \/>\r\n\t\r\n\t\r\n<\/div>\n<div id=\"frm_field_4_container\" class=\"frm_form_field form-field  frm_required_field frm_top_container frm_full\">\r\n\t<label for=\"field_e6lis6\" id=\"field_e6lis6_label\" class=\"frm_primary_label\">\r\n\t\t<span class=\"frm_required\" aria-hidden=\"true\">*<\/span>\r\n\t<\/label>\r\n\t<input type=\"text\" id=\"field_e6lis6\" name=\"item_meta[4]\" value=\"\"  placeholder=\"Objet\" data-reqmsg=\"Ce champ ne peut pas \u00eatre vide.\" aria-required=\"true\" data-invmsg=\"Ce champ est non valide\" aria-invalid=\"false\"  \/>\r\n\t\r\n\t\r\n<\/div>\n<div id=\"frm_field_5_container\" class=\"frm_form_field form-field  frm_required_field frm_top_container frm_full\">\r\n\t<label for=\"field_9jv0r1\" id=\"field_9jv0r1_label\" class=\"frm_primary_label\">\r\n\t\t<span class=\"frm_required\" aria-hidden=\"true\">*<\/span>\r\n\t<\/label>\r\n\t<textarea name=\"item_meta[5]\" id=\"field_9jv0r1\" rows=\"5\"  placeholder=\"Tapez ici...\" data-reqmsg=\"Ce champ ne peut pas \u00eatre vide.\" aria-required=\"true\" data-invmsg=\"Ce champ est non valide\" aria-invalid=\"false\"  ><\/textarea>\r\n\t\r\n\t\r\n<\/div>\n<div id=\"frm_field_6_container\" class=\"frm_form_field form-field  frm_half\">\r\n\t<div class=\"frm_submit frm_flex\">\r\n<button class=\"frm_button_submit\" type=\"submit\"  >Envoyer<\/button>\r\n\r\n\r\n\r\n<\/div>\r\n<\/div>\n\t<input type=\"hidden\" name=\"item_key\" value=\"\" \/>\n\t\t\t\t<div class=\"frm__6687056ca84d5\">\n\t\t\t\t<label for=\"frm_email_1\" >\n\t\t\t\t\tSi vous \u00eates un humain, ne remplissez pas ce champ.\t\t\t\t<\/label>\n\t\t\t\t<input  id=\"frm_email_1\" type=\"text\" class=\"frm_verify\" name=\"frm__6687056ca84d5\" value=\"\" autocomplete=\"off\"  \/>\n\t\t\t<\/div>\n\t\t<\/div>\n<\/fieldset>\n<\/div>\n<\/form>\n<\/div>\n\n\n\n<pre class=\"wp-block-preformatted\"><\/pre>\n\n\n\n<pre class=\"wp-block-preformatted\"><\/pre>\n\n\n\n<figure class=\"wp-block-pullquote\"><blockquote><p><\/p><\/blockquote><\/figure>\n\n\n\n<pre class=\"wp-block-preformatted\"><\/pre>\n","protected":false},"excerpt":{"rendered":"<p>Mieux se conna\u00eetre pour faire les choix qui nous rassemblent et nous ressemblent. Actualit\u00e9s mai 2026 :=&gt;Je vous invite \u00e0 une soir\u00e9e d\u00e9couverte du R\u00e9f\u00e9rentiel de Naissance\u00ae, m\u00e9thode de connaissance de soi passionnante et vivante : le vendredi 29 mai de 18h \u00e0 19h30 au 31 rue Bressigny chez Yoga et Chant, au plaisir de &hellip; <a href=\"https:\/\/reliance49.fr\/\" class=\"more-link\">Continuer la lecture de <span class=\"screen-reader-text\">Bienvenue !<\/span> <span class=\"meta-nav\">&rarr;<\/span><\/a><\/p>\n","protected":false},"author":1,"featured_media":760,"parent":0,"menu_order":0,"comment_status":"closed","ping_status":"closed","template":"","meta":{"footnotes":""},"yoast_head":"<!-- This site is optimized with the Yoast SEO plugin v17.1 - https:\/\/yoast.com\/wordpress\/plugins\/seo\/ -->\n<meta name=\"description\" content=\"orientation reconversion professionnelle - transitions de vie et choix professionnels - communication et relations\" \/>\n<meta name=\"robots\" content=\"index, follow, max-snippet:-1, max-image-preview:large, max-video-preview:-1\" \/>\n<link rel=\"canonical\" href=\"https:\/\/reliance49.fr\/\" \/>\n<meta property=\"og:locale\" content=\"fr_FR\" \/>\n<meta property=\"og:type\" content=\"article\" \/>\n<meta property=\"og:title\" content=\"Orientation scolaire et professionnelle - Reconversion professionnelle - 49\" \/>\n<meta property=\"og:description\" content=\"orientation reconversion professionnelle - transitions de vie et choix professionnels - communication et relations\" \/>\n<meta property=\"og:url\" content=\"https:\/\/reliance49.fr\/\" \/>\n<meta property=\"og:site_name\" content=\"reliance49\" \/>\n<meta property=\"article:modified_time\" content=\"2026-04-17T15:07:44+00:00\" \/>\n<meta property=\"og:image\" content=\"http:\/\/reliance49.fr\/wp-content\/uploads\/2022\/01\/P1010166-scaled.jpg\" \/>\n\t<meta property=\"og:image:width\" content=\"2560\" \/>\n\t<meta property=\"og:image:height\" content=\"1707\" \/>\n<meta name=\"twitter:card\" content=\"summary_large_image\" \/>\n<meta name=\"twitter:label1\" content=\"Dur\u00e9e de lecture est.\" \/>\n\t<meta name=\"twitter:data1\" content=\"3 minutes\" \/>\n<script type=\"application\/ld+json\" class=\"yoast-schema-graph\">{\"@context\":\"https:\/\/schema.org\",\"@graph\":[{\"@type\":\"WebSite\",\"@id\":\"https:\/\/reliance49.fr\/#website\",\"url\":\"https:\/\/reliance49.fr\/\",\"name\":\"reliance49\",\"description\":\"orientation scolaire et professionnelle \",\"potentialAction\":[{\"@type\":\"SearchAction\",\"target\":{\"@type\":\"EntryPoint\",\"urlTemplate\":\"https:\/\/reliance49.fr\/?s={search_term_string}\"},\"query-input\":\"required name=search_term_string\"}],\"inLanguage\":\"fr-FR\"},{\"@type\":\"ImageObject\",\"@id\":\"https:\/\/reliance49.fr\/#primaryimage\",\"inLanguage\":\"fr-FR\",\"url\":\"https:\/\/reliance49.fr\/wp-content\/uploads\/2022\/01\/P1010166-scaled.jpg\",\"contentUrl\":\"https:\/\/reliance49.fr\/wp-content\/uploads\/2022\/01\/P1010166-scaled.jpg\",\"width\":2560,\"height\":1707},{\"@type\":\"WebPage\",\"@id\":\"https:\/\/reliance49.fr\/#webpage\",\"url\":\"https:\/\/reliance49.fr\/\",\"name\":\"Orientation scolaire et professionnelle - Reconversion professionnelle - 49\",\"isPartOf\":{\"@id\":\"https:\/\/reliance49.fr\/#website\"},\"primaryImageOfPage\":{\"@id\":\"https:\/\/reliance49.fr\/#primaryimage\"},\"datePublished\":\"2017-10-06T16:05:01+00:00\",\"dateModified\":\"2026-04-17T15:07:44+00:00\",\"description\":\"orientation reconversion professionnelle - transitions de vie et choix professionnels - communication et relations\",\"breadcrumb\":{\"@id\":\"https:\/\/reliance49.fr\/#breadcrumb\"},\"inLanguage\":\"fr-FR\",\"potentialAction\":[{\"@type\":\"ReadAction\",\"target\":[\"https:\/\/reliance49.fr\/\"]}]},{\"@type\":\"BreadcrumbList\",\"@id\":\"https:\/\/reliance49.fr\/#breadcrumb\",\"itemListElement\":[{\"@type\":\"ListItem\",\"position\":1,\"name\":\"Accueil\",\"item\":\"https:\/\/reliance49.fr\/\"},{\"@type\":\"ListItem\",\"position\":2,\"name\":\"Bienvenue !\"}]}]}<\/script>\n<!-- \/ Yoast SEO plugin. -->","yoast_head_json":{"description":"orientation reconversion professionnelle - transitions de vie et choix professionnels - communication et relations","robots":{"index":"index","follow":"follow","max-snippet":"max-snippet:-1","max-image-preview":"max-image-preview:large","max-video-preview":"max-video-preview:-1"},"canonical":"https:\/\/reliance49.fr\/","og_locale":"fr_FR","og_type":"article","og_title":"Orientation scolaire et professionnelle - Reconversion professionnelle - 49","og_description":"orientation reconversion professionnelle - transitions de vie et choix professionnels - communication et relations","og_url":"https:\/\/reliance49.fr\/","og_site_name":"reliance49","article_modified_time":"2026-04-17T15:07:44+00:00","og_image":[{"width":2560,"height":1707,"url":"http:\/\/reliance49.fr\/wp-content\/uploads\/2022\/01\/P1010166-scaled.jpg","path":"\/home\/reliancebp\/www\/wp-content\/uploads\/2022\/01\/P1010166-scaled.jpg","size":"full","id":760,"alt":"","pixels":4369920,"type":"image\/jpeg"}],"twitter_card":"summary_large_image","twitter_misc":{"Dur\u00e9e de lecture est.":"3 minutes"},"schema":{"@context":"https:\/\/schema.org","@graph":[{"@type":"WebSite","@id":"https:\/\/reliance49.fr\/#website","url":"https:\/\/reliance49.fr\/","name":"reliance49","description":"orientation scolaire et professionnelle ","potentialAction":[{"@type":"SearchAction","target":{"@type":"EntryPoint","urlTemplate":"https:\/\/reliance49.fr\/?s={search_term_string}"},"query-input":"required name=search_term_string"}],"inLanguage":"fr-FR"},{"@type":"ImageObject","@id":"https:\/\/reliance49.fr\/#primaryimage","inLanguage":"fr-FR","url":"https:\/\/reliance49.fr\/wp-content\/uploads\/2022\/01\/P1010166-scaled.jpg","contentUrl":"https:\/\/reliance49.fr\/wp-content\/uploads\/2022\/01\/P1010166-scaled.jpg","width":2560,"height":1707},{"@type":"WebPage","@id":"https:\/\/reliance49.fr\/#webpage","url":"https:\/\/reliance49.fr\/","name":"Orientation scolaire et professionnelle - Reconversion professionnelle - 49","isPartOf":{"@id":"https:\/\/reliance49.fr\/#website"},"primaryImageOfPage":{"@id":"https:\/\/reliance49.fr\/#primaryimage"},"datePublished":"2017-10-06T16:05:01+00:00","dateModified":"2026-04-17T15:07:44+00:00","description":"orientation reconversion professionnelle - transitions de vie et choix professionnels - communication et relations","breadcrumb":{"@id":"https:\/\/reliance49.fr\/#breadcrumb"},"inLanguage":"fr-FR","potentialAction":[{"@type":"ReadAction","target":["https:\/\/reliance49.fr\/"]}]},{"@type":"BreadcrumbList","@id":"https:\/\/reliance49.fr\/#breadcrumb","itemListElement":[{"@type":"ListItem","position":1,"name":"Accueil","item":"https:\/\/reliance49.fr\/"},{"@type":"ListItem","position":2,"name":"Bienvenue !"}]}]}},"_links":{"self":[{"href":"https:\/\/reliance49.fr\/index.php?rest_route=\/wp\/v2\/pages\/38"}],"collection":[{"href":"https:\/\/reliance49.fr\/index.php?rest_route=\/wp\/v2\/pages"}],"about":[{"href":"https:\/\/reliance49.fr\/index.php?rest_route=\/wp\/v2\/types\/page"}],"author":[{"embeddable":true,"href":"https:\/\/reliance49.fr\/index.php?rest_route=\/wp\/v2\/users\/1"}],"replies":[{"embeddable":true,"href":"https:\/\/reliance49.fr\/index.php?rest_route=%2Fwp%2Fv2%2Fcomments&post=38"}],"version-history":[{"count":199,"href":"https:\/\/reliance49.fr\/index.php?rest_route=\/wp\/v2\/pages\/38\/revisions"}],"predecessor-version":[{"id":1721,"href":"https:\/\/reliance49.fr\/index.php?rest_route=\/wp\/v2\/pages\/38\/revisions\/1721"}],"wp:featuredmedia":[{"embeddable":true,"href":"https:\/\/reliance49.fr\/index.php?rest_route=\/wp\/v2\/media\/760"}],"wp:attachment":[{"href":"https:\/\/reliance49.fr\/index.php?rest_route=%2Fwp%2Fv2%2Fmedia&parent=38"}],"curies":[{"name":"wp","href":"https:\/\/api.w.org\/{rel}","templated":true}]}}